{"id":1854,"date":"2017-06-11T11:55:51","date_gmt":"2017-06-11T11:55:51","guid":{"rendered":"http:\/\/www.smll.fi\/?page_id=1854"},"modified":"2026-03-16T18:33:23","modified_gmt":"2026-03-16T18:33:23","slug":"viranomaiskokeet","status":"publish","type":"page","link":"https:\/\/www.smll.fi\/?page_id=1854","title":{"rendered":"Viranomaiskokeet"},"content":{"rendered":"<p>SMLL j\u00e4rjest\u00e4\u00e4 ilmailun viranomaiskokeita kaikkia lupakirjoja ja kelpuutuksia varten aina ATPL-kokeisiin saakka.<\/p>\n<p>Viranomaiskokeisiin osallistujien tulee lukea huolellisesti seuraavat ohjeet <strong>ENNEN<\/strong> ilmoittautumista kokeisiin ja noudatettava niit\u00e4:<\/p>\n<ol>\n<li><a href=\"http:\/\/www.smll.fi\/wp-content\/uploads\/2020\/09\/Koronaohjet-koetilaisuudet-ulkopuoliset-toimijat-22.6.20.pdf\">Koetilaisuudet ja muut tilaisuudet Traficomin lukuun ulkopuolisissa tiloissa \/ ulkopuolisen j\u00e4rjest\u00e4j\u00e4n toimesta<\/a><br \/>toimesta<\/li>\n<li><a href=\"http:\/\/www.smll.fi\/wp-content\/uploads\/2020\/09\/SMLL_AOPA_FINLAND_Koetilaisuussuunnitelma_Traficom_09072020.pdf\">SMLL_AOPA_FINLAND_Koetilaisuussuunnitelma_Traficom_09072020<\/a><\/li>\n<\/ol>\n<div class=\"Container__StyledContainer-sc-1opbue3-0 cFNZnf\" data-component=\"text\">\n<div class=\"Paragraph__StyledSection-sc-1rk24tr-0 kpQJVg Text__StyledParagraph-sc-1k8spgo-0\">\n<h4>Ohjeita koetilaisuuteen<\/h4>\n<p>Koetilaisuuteen voit ottaa mukaan kyn\u00e4n (lyijykyn\u00e4, ei kuulak\u00e4rkikyn\u00e4\u00e4 tai tussia), kumin, kakkaran, plotterin, sanakirjan (ei ilmailuk\u00e4ytt\u00f6\u00f6n tarkoitettua) sek\u00e4 harpin sen mukaan mit\u00e4 kokeissa tarvitset.<\/p>\n<p>Omien laskimien k\u00e4ytt\u00f6 kokeissa ei ole sallittua, Tarjoamme oppilaille kokeen ajaksi laskimen k\u00e4ytt\u00f6\u00f6n (Funktiolaskin Canon F-718SGA). Lis\u00e4ksi matkapuhelimet sek\u00e4 rannekellot ker\u00e4t\u00e4\u00e4n kokeen ajaksi pois. Tarjoamme oppilaan k\u00e4yt\u00f6\u00f6n my\u00f6s suttupaperia. P\u00f6yd\u00e4ll\u00e4 ei saa olla mit\u00e4\u00e4n muita tavaroita edell\u00e4 lueteltujen lis\u00e4ksi.<\/p>\n<p>Osakokeiden v\u00e4liss\u00e4 voi pit\u00e4\u00e4 n. viiden minuutin jaloittelu\/ WC taukoja ja mik\u00e4li tekee monta osakoetta, voi pit\u00e4\u00e4 yhden n. puolen tunnin lounastauon. Huomioithan kuitenkin, ett\u00e4 koetilasta tai taukotilasta ei p\u00e4\u00e4se v\u00e4lill\u00e4 pois, sill\u00e4 k\u00e4yt\u00e4vien ovet on lukittu, eik\u00e4 takaisin p\u00e4\u00e4se jos tilasta poistuu<\/p>\n<p>Tauoilla on my\u00f6s mahdollista sy\u00f6d\u00e4\/ juoda omia ev\u00e4it\u00e4. Taukotilassa on kahviautomaatti veloituksetta my\u00f6s oppilaiden k\u00e4yt\u00f6ss\u00e4.<\/p>\n<p>Voit itse valita miss\u00e4 j\u00e4rjestyksess\u00e4 osakokeet teet ja mik\u00e4li olet ilmoittautunut kahdelle p\u00e4iv\u00e4lle, kumpana p\u00e4iv\u00e4n\u00e4 teet mitk\u00e4kin osakokeet.<\/p>\n<\/div>\n<\/div>\n<div class=\"Container__StyledContainer-sc-1opbue3-0 cFNZnf\" data-component=\"text\">\n<div class=\"Paragraph__StyledSection-sc-1rk24tr-0 kpQJVg Text__StyledParagraph-sc-1k8spgo-0\">\n<h4>Esteest\u00e4 ilmoittaminen<\/h4>\n<p>Osallistujan yll\u00e4tt\u00e4v\u00e4st\u00e4 esteest\u00e4 tai sairastapauksesta tulee viipym\u00e4tt\u00e4 ilmoittaa s\u00e4hk\u00f6postiosoitteeseen teoriakokeet(at)traficom.fi. Huomioithan my\u00f6s, ett\u00e4 jos varaat istunnon molemmat p\u00e4iv\u00e4t, mutta osallistutkin vain toiselle p\u00e4iv\u00e4lle, veloitetaan toisesta, k\u00e4ytt\u00e4m\u00e4tt\u00e4 j\u00e4\u00e4neest\u00e4 p\u00e4iv\u00e4st\u00e4 yht\u00e4 osakoetta vastaava summa.\u00a0<\/p>\n<\/div>\n<\/div>\n<p>Mik\u00e4li osallistujalla ei ole koronaviruksen aiheuttamia oireita, ep\u00e4ily\u00e4 tartunnasta ja sairauden j\u00e4lkeen oireiden p\u00e4\u00e4ttymisest\u00e4 on yli 2 viikkoa. h\u00e4n voi\u00a0 osallistua j\u00e4rjest\u00e4m\u00e4\u00e4mme koetilaisuuteen, toimi seuraavasti:<\/p>\n<p>1. Varmista, ett\u00e4 olet saanut koulutusorganisaatioltasi tarvitsemasi suosituksen kokeisiin<br \/>2. Ota yhteytt\u00e4 koej\u00e4rjestelij\u00f6ihimme s\u00e4hk\u00f6postilla teoriakokeet[\u00e4t]smll.fi ja kerro haluamasi ajankohta ja paikka<br \/>3. Sovittelemme koetilaisuudet pyynt\u00f6jen mukaan ja ehdotamme sinulle sen j\u00e4lkeen sopivinta aikaa ja paikkaa<br \/>4. Kun ajankohta on sovittu, varmistamme ajankohdan sopivuuden Traficomin kanssa<br \/>5. Ilmoitamme kun Traficom on vahvistanut ajankohdan olevan kelvollinen<br \/>6. T\u00e4m\u00e4n j\u00e4lkeen k\u00e4y ilmoittautumassa Traficomin sivuilla kokeeseen <a title=\"Traficomin lomake\" href=\"https:\/\/www.traficom.fi\/fi\/liikenne\/ilmailu\/ilmailun-teoriakokeet\" target=\"_blank\" rel=\"noopener noreferrer\">Traficomin lomakkeella<\/a><\/p>\n<p>Ensisijainen kokeenpitopaikka on toimistomme yhteydess\u00e4 Oulussa osoitteessa <strong><a>Honkimaantie 2, 90900 Oulu<\/a><\/strong>. Otamme viranomaiskokeisiin kymmenen (10) osallistujaa kerrallaan <strong>alkaen klo 9:00 aamulla<\/strong>.<\/p>\n<h4>Ajo-ohjeet koepaikalle:<\/h4>\n<h4>Teoriakokeet pidet\u00e4\u00e4n Oulussa osoitteessa Honkimaantie 2, 90900 Oulu;<\/h4>\n\n\n<figure class=\"wp-block-image size-full\"><img loading=\"lazy\" decoding=\"async\" width=\"627\" height=\"549\" src=\"http:\/\/www.smll.fi\/wp-content\/uploads\/2024\/02\/Honkimaantie1.png\" alt=\"\" class=\"wp-image-3354\" srcset=\"https:\/\/www.smll.fi\/wp-content\/uploads\/2024\/02\/Honkimaantie1.png 627w, https:\/\/www.smll.fi\/wp-content\/uploads\/2024\/02\/Honkimaantie1-300x263.png 300w\" sizes=\"auto, (max-width: 627px) 100vw, 627px\" \/><\/figure>\n\n\n\n<p>Tentti pidet\u00e4\u00e4n rakennuksessa, joka on punaisen kohdistimen alla:<\/p>\n\n\n\n<figure class=\"wp-block-image size-full\"><img loading=\"lazy\" decoding=\"async\" width=\"409\" height=\"543\" src=\"http:\/\/www.smll.fi\/wp-content\/uploads\/2024\/02\/Honkimaantie1_2.png\" alt=\"\" class=\"wp-image-3355\" srcset=\"https:\/\/www.smll.fi\/wp-content\/uploads\/2024\/02\/Honkimaantie1_2.png 409w, https:\/\/www.smll.fi\/wp-content\/uploads\/2024\/02\/Honkimaantie1_2-226x300.png 226w\" sizes=\"auto, (max-width: 409px) 100vw, 409px\" \/><\/figure>","protected":false},"excerpt":{"rendered":"<p>SMLL j\u00e4rjest\u00e4\u00e4 ilmailun viranomaiskokeita kaikkia lupakirjoja ja kelpuutuksia varten aina ATPL-kokeisiin saakka. Viranomaiskokeisiin osallistujien tulee lukea huolellisesti seuraavat ohjeet ENNEN ilmoittautumista kokeisiin ja noudatettava niit\u00e4: Koetilaisuudet ja muut tilaisuudet Traficomin lukuun ulkopuolisissa tiloissa \/ ulkopuolisen j\u00e4rjest\u00e4j\u00e4n toimestatoimesta SMLL_AOPA_FINLAND_Koetilaisuussuunnitelma_Traficom_09072020 Ohjeita koetilaisuuteen Koetilaisuuteen voit ottaa mukaan kyn\u00e4n (lyijykyn\u00e4, ei kuulak\u00e4rkikyn\u00e4\u00e4 tai tussia), kumin, kakkaran, plotterin, sanakirjan (ei &hellip; <\/p>\n<p><a class=\"more-link btn\" href=\"https:\/\/www.smll.fi\/?page_id=1854\">Jatka lukemista<\/a><\/p>\n","protected":false},"author":1,"featured_media":0,"parent":42,"menu_order":3,"comment_status":"closed","ping_status":"closed","template":"","meta":{"footnotes":""},"class_list":["post-1854","page","type-page","status-publish","hentry","nodate","item-wrap"],"_links":{"self":[{"href":"https:\/\/www.smll.fi\/index.php?rest_route=\/wp\/v2\/pages\/1854","targetHints":{"allow":["GET"]}}],"collection":[{"href":"https:\/\/www.smll.fi\/index.php?rest_route=\/wp\/v2\/pages"}],"about":[{"href":"https:\/\/www.smll.fi\/index.php?rest_route=\/wp\/v2\/types\/page"}],"author":[{"embeddable":true,"href":"https:\/\/www.smll.fi\/index.php?rest_route=\/wp\/v2\/users\/1"}],"replies":[{"embeddable":true,"href":"https:\/\/www.smll.fi\/index.php?rest_route=%2Fwp%2Fv2%2Fcomments&post=1854"}],"version-history":[{"count":11,"href":"https:\/\/www.smll.fi\/index.php?rest_route=\/wp\/v2\/pages\/1854\/revisions"}],"predecessor-version":[{"id":3659,"href":"https:\/\/www.smll.fi\/index.php?rest_route=\/wp\/v2\/pages\/1854\/revisions\/3659"}],"up":[{"embeddable":true,"href":"https:\/\/www.smll.fi\/index.php?rest_route=\/wp\/v2\/pages\/42"}],"wp:attachment":[{"href":"https:\/\/www.smll.fi\/index.php?rest_route=%2Fwp%2Fv2%2Fmedia&parent=1854"}],"curies":[{"name":"wp","href":"https:\/\/api.w.org\/{rel}","templated":true}]}}